at is -10032412103 (base 5) in base 7?
-151243463
-1cac4 (base 13) to base 9
-85783
Convert 1100111110100101001010 (base 2) to base 8.
14764512
What is -101000110010010111111 (base 2) in base 3?
-2111220100102
Convert 212010211010 (base 3) to base 6.
13432433
What is 705424 (base 9) in base 12?
18161a
What is -610096 (base 14) in base 12?
-1115904
4221422 (base 6) to base 8
620526
Convert -1240566 (base 7) to base 2.
-100111010110001000
Convert 104233432 (base 6) to base 11.
1079393
What is -12324314 (base 5) in base 6?
-2330132
What is 464615 (base 7) in base 13?
2bbc8
-200220112110021 (base 3) to base 4
-212111111203
Convert 12e85c (base 15) to base 14.
199790
Convert -211125220 (base 6) to base 13.
-9c5bb0
Convert 42b362b (base 12) to base 10.
12675779
What is badcba (base 15) in base 6?
514520021
-2012031022 (base 4) to base 13
-163291
Convert -104822 (base 9) to base 6.
-1201545
-101010111011011101010 (base 2) to base 15
-1cbbed
-9c4a7 (base 14) to base 8
-1345323
What is 254214550 (base 6) in base 8?
22736202
What is 12181471 (base 9) in base 14?
b11677
Convert 31220302 (base 4) to base 14.
164dc
What is -1100101111101000001 (base 2) in base 5?
-101330401
What is -2242465 (base 8) in base 11?
-385500
Convert -12231122031 (base 4) to base 15.
-24b226
What is 10010111101111101111010 (base 2) in base 7?
60156552
-31222664 (base 7) to base 9
-4844488
113221212 (base 4) to base 8
275146
-4230313 (base 5) to base 4
-101100310
550953 (base 11) to base 12
365047
118a0a (base 12) to base 14
75b3c
-543410222 (base 6) to base 10
-9690278
1474367 (base 9) to base 15
112024
-21014134 (base 5) to base 12
-84184
What is b11 (base 13) in base 10?
1873
Convert 110534130 (base 6) to base 5.
1003100423
Convert 10502204 (base 7) to base 3.
1201011001012
-273b (base 16) to base 4
-2130323
Convert -40051112 (base 6) to base 16.
-113054
-4431525 (base 6) to base 10
-222029
What is 1941 (base 13) in base 12?
2223
Convert -605314 (base 8) to base 15.
-3e117
Convert 49bcc (base 16) to base 5.
34131103
Convert 2404752 (base 9) to base 3.
2110011211202
523501 (base 7) to base 6
1533104
-44a1704 (base 11) to base 10
-7879040
111261161 (base 7) to base 14
c7b768
Convert 3355 (base 10) to base 16.
d1b
-15524300 (base 6) to base 5
-120240120
What is 10200120120222 (base 3) in base 9?
3616528
Convert 1101011000110101010 (base 2) to base 13.
1248b0
What is -8614819 (base 10) in base 14?
-1203723
Convert 1000010100010001111111 (base 2) to base 10.
2180223
What is 3123455 (base 6) in base 12?
7358b
Convert 405433443 (base 6) to base 10.
6987555
Convert 14321100 (base 6) to base 10.
492732
-378833 (base 9) to base 12
-b0a40
-31222066 (base 8) to base 16
-652436
What is 300412041 (base 5) in base 10?
1185271
Convert 210a7 (base 14) to base 4.
103131223
-132375 (base 9) to base 6
-1420405
31030102223 (base 4) to base 10
3458219
2543325 (base 8) to base 9
1285724
What is -1606602 (base 8) in base 13?
-1324c8
-622211 (base 8) to base 2
-110010010010001001
What is -63086 (base 16) in base 13?
-11282c
What is -152016263 (base 7) in base 10?
-10122416
What is 10112110002020 (base 3) in base 13?
50a16b
What is -3053504 (base 11) in base 14?
-a0529c
What is -3b1c34 (base 15) in base 5?
-1211403444
Convert -3000012001 (base 4) to base 3.
-1110222022101
-15602345 (base 8) to base 7
-42435225
Convert -166126 (base 9) to base 2.
-11001000111101110
What is -1000101111010100010 (base 2) in base 7?
-2301620
-11d684 (base 14) to base 2
-10010101101101010100
What is -c6167 (base 16) in base 3?
-1112012222122
Convert 4580 (base 15) to base 8.
34631
-143013302 (base 5) to base 6
-24033113
-6364065 (base 7) to base 16
-bc82c
Convert 431295 (base 12) to base 9.
1884525
f044b7 (base 16) to base 13
33541c7
Convert 118a79 (base 11) to base 3.
100112101111
What is -140111030 (base 6) in base 3?
-12021200202200
Convert -a463 (base 13) to base 10.
-22727
Convert -3bb54 (base 15) to base 4.
-232301002
Convert -11580 (base 11) to base 2.
-100000100011001
-215026136 (base 7) to base 14
-1a10ac6
What is 199a388 (base 12) in base 8?
24555230
What is 765344 (base 8) in base 11?
165990
What is 8b317 (base 13) in base 4?
331303332
What is 577504 (base 8) in base 12?
95804
What is -11010001110011001 (base 2) in base 8?
-321631
What is 20611521 (base 7) in base 9?
3257740
Convert -147a01 (base 11) to base 13.
-809a4
What is 409ea2 (base 15) in base 12?
1041375
-11021111011201 (base 3) to base 8
-10527575
-1580679 (base 11) to base 7
-31622301
Convert 203ba (base 15) to base 9.
165044
-164245 (base 13) to base 12
-22742a
57518 (base 9) to base 11
26886
1002313130 (base 4) to base 6
5511552
Convert 15124707 (base 8) to base 15.
482940
What is 91d8c0 (base 14) in base 5?
2224304430
-100010110101011010101 (base 2) to base 10
-1141461
-106350655 (base 7) to base 16
-63b14f
Convert -53212552 (base 6) to base 12.
-631158
-35aa0 (base 11) to base 4
-30222322
Convert -221012011210 (base 3) to base 8.
-1710351
What is -702240 (base 9) in base 12?
-1801b3
-1201122021 (base 3) to base 14
-c568
What is -99296 (base 11) in base 7?
-1140050
2454662 (base 7) to base 9
531718
Convert -1000010111001011 (base 2) to base 4.
-20113023
-2246cb (base 13) to base 14
-171101
-692227 (base 12) to base 3
-10011112011211
What is -185544 (base 11) in base 3?
-112111121121
What is -4201514 (base 8) in base 6?
-35521500
Convert 1233001200 (base 4) to base 7.
3602544
What is -3a90835 (base 12) in base 13?
-254459c
3002690 (base 11) to base 15
700b4a
-7c2092 (base 14) to base 10
-4231376
What is 1147223 (base 8) in base 13?
b050b
-47212513 (base 8) to base 15
-d853bd
What is -4505411 (base 6) in base 9?
-375017
Convert -189869 (base 11) to base 7.
-2321661
-10202122122 (base 3) to base 11
-50749
12b7930 (base 12) to base 14
6cd7da
11010021002001 (base 3) to base 10
2189971
What is -13213112232 (base 4) in base 5?
-1002334311
What is 6715154 (base 8) in base 16?
1b9a6c
What is -40131202 (base 5) in base 11?
-1a7748
Convert 220344210 (base 6) to base 5.
2002323213
-819635 (base 12) to base 10
-2027849
5633165 (base 7) to base 4
2222101013
What is 1205022 (base 12) in base 2?
1101010100100111011010
What is b296 (base 12) in base 6?
225510
-732b (base 14) to base 11
-139a2
-1320079 (base 12) to base 15
-4e8380
What is -162913 (base 10) in base 3?
-22021110211
Convert -33023132322 (base 4) to base 7.
-45552102
What is -a566a6 (base 11) in base 13?
-473508
Convert 3d099 (base 14) to base 13.
539a8
-1787092 (base 14) to base 11
-6618007
Convert -1915 (base 13) to base 12.
-21b4
882e1 (base 15) to base 7
3451255
Convert -121000011012 (base 3) to base 10.
-315041
-172a1 (base 14) to base 3
-2221202222
Convert -3a967a (base 13) to base 5.
-330423002
Convert -2ab52b (base 15) to base 9.
-3784265
-16031836 (base 9) to base 8
-36372604
1374461 (base 10) to base 13
3917ba
What is -1000000010111101010 (base 2) in base 14?
-6c12a
What is -834110 (base 9) in base 14?
-cc5cd
What is -10111110001100 (base 2) in base 9?
-17624
-2211211021221 (base 3) to base 14
-2b5116
What is 13da51 (base 14) in base 12?
293907
Convert -28da5 (base 16) to base 14.
-44da5
Convert 10221232032 (base 4) to base 11.
76322a
Convert 2651421 (base 8) to base 16.
b5311
Convert -90528 (base 10) to base 11.
-62019
Convert -14041202 (base 5) to base 2.
-100010111111000110
Convert 57a171 (base 13) to base 5.
1013003443
111100111101100111 (base 2) to base 16
3cf67
What is 18886 (base 16) in base 2?
11000100010000110
22737652 (base 9) to base 3
202211021201202
1bc695 (base 16) to base 9
3373885
Convert -22020000010 (base 3) to base 12.
-797a9
Convert 10101000101110001111 (base 2) to base 16.
a8b8f
13394a (base 11) to base 14
567dc
-a06a (base 15) to base 2
-1000010000111010
Convert 1010200221120 (base 3) to base 9.
1120846
Convert -640781 (base 10) to base 14.
-129741
What is -21ca1 (base 15) in base 2?
-11010001111010100
What is 1722315 (base 8) in base 2?
1111010010011001101
What is -2422023 (base 5) in base 7?
-245651
Convert 10101011000011011 (base 2) to base 7.
513222
Convert -417985 (base 13) to base 2.
-101110101101101110110
Convert 177475 (base 9) to base 15.
22aeb
Convert 3a68238 (base 11) to base 9.
14185061
Convert 4b2ac1 (base 14) to base 10.
2581489
Convert -32033111200 (base